rue
Is 8 a factor of 72?
True
Does 11 divide 5467?
True
Is 3 a factor of 6338?
False
Is 76 a factor of 3154?
False
Is 188 a multiple of 45?
False
Does 27 divide 378?
True
Does 16 divide 2000?
True
Is 20 a factor of 613?
False
Is 57 a factor of 640?
False
Does 82 divide 25416?
False
Is 276 a multiple of 52?
False
Is 2886 a multiple of 37?
True
Does 21 divide 35991?
False
Is 7 a factor of 69?
False
Is 8 a factor of 182?
False
Does 2 divide 192?
True
Does 9 divide 1134?
True
Is 116 a multiple of 8?
False
Does 10 divide 2040?
True
Is 23 a factor of 920?
True
Does 52 divide 5096?
True
Is 2204 a multiple of 3?
False
Does 2 divide 355?
False
Is 5 a factor of 2661?
False
Is 9 a factor of 101?
False
Does 16 divide 486?
False
Does 27 divide 37756?
False
Is 22 a factor of 20988?
True
Does 9 divide 13607?
False
Is 5251 a multiple of 89?
True
Is 8 a factor of 178?
False
Does 4 divide 608?
True
Is 672 a multiple of 21?
True
Is 13 a factor of 7199?
False
Is 28 a factor of 11676?
True
Does 44 divide 869?
False
Does 386 divide 2316?
True
Is 16488 a multiple of 127?
False
Is 96 a multiple of 4?
True
Is 4 a factor of 620?
True
Does 53 divide 19398?
True
Is 2136 a multiple of 4?
True
Is 1470 a multiple of 49?
True
Is 15 a factor of 29657?
False
Is 1656 a multiple of 12?
True
Is 29 a factor of 10701?
True
Does 105 divide 1050?
True
Is 4769 a multiple of 19?
True
Does 10 divide 2478?
False
Is 3112 a multiple of 12?
False
Is 12 a factor of 656?
False
Does 20 divide 1240?
True
Is 18 a factor of 1364?
False
Does 111 divide 11322?
True
Is 144 a factor of 1369?
False
Is 142 a factor of 2706?
False
Is 2459 a multiple of 34?
False
Does 59 divide 59?
True
Is 835 a multiple of 39?
False
Does 85 divide 41480?
True
Is 5761 a multiple of 14?
False
Is 15480 a multiple of 129?
True
Is 14 a factor of 447?
False
Is 259 a multiple of 7?
True
Is 51 a multiple of 40?
False
Is 15 a factor of 1824?
False
Does 7 divide 1414?
True
Does 96 divide 1011?
False
Is 6100 a multiple of 5?
True
Is 17 a factor of 576?
False
Is 296 a factor of 34747?
False
Does 27 divide 6399?
True
Is 880 a multiple of 110?
True
Does 91 divide 4550?
True
Does 27 divide 3243?
False
Does 23 divide 115?
True
Is 13 a factor of 387?
False
Is 15 a factor of 1202?
False
Does 95 divide 111682?
False
Is 2061 a multiple of 25?
False
Does 67 divide 4824?
True
Is 6768 a multiple of 12?
True
Is 277 a multiple of 56?
False
Is 66 a factor of 3062?
False
Is 8288 a multiple of 28?
True
Does 14 divide 714?
True
Is 26 a factor of 910?
True
Is 62 a factor of 2046?
True
Does 5 divide 530?
True
Is 96 a multiple of 8?
True
Does 12 divide 939?
False
Does 85 divide 4590?
True
Is 1179 a multiple of 73?
False
Does 74 divide 30266?
True
Is 6 a factor of 1450?
False
Is 5 a factor of 94?
False
Does 302 divide 100485?
False
Does 5 divide 1488?
False
Is 85 a factor of 765?
True
Is 7 a factor of 19481?
True
Does 31 divide 6843?
False
Is 2262 a multiple of 19?
False
Is 14 a factor of 1165?
False
Is 8352 a multiple of 144?
True
Does 17 divide 6871?
False
Is 57 a factor of 1240?
False
Is 15 even?
False
Is 1188 a multiple of 4?
True
Does 9 divide 1989?
True
Is 277 a multiple of 4?
False
Does 90 divide 1800?
True
Is 5829 a multiple of 39?
False
Is 339 a multiple of 141?
False
Is 10417 a multiple of 11?
True
Does 28 divide 1044?
False
Does 4 divide 36040?
True
Is 1502 even?
True
Is 55 a factor of 3624?
False
Is 8 a factor of 1696?
True
Is 20 a factor of 15300?
True
Is 746 a multiple of 11?
False
Is 3126 a multiple of 4?
False
Is 32 a factor of 4384?
True
Is 7602 a multiple of 14?
True
Is 1625 a multiple of 29?
False
Is 13 a factor of 2236?
True
Is 8 a factor of 1848?
True
Is 3304 a multiple of 25?
False
Is 74 a factor of 919?
False
Is 95 a factor of 1520?
True
Does 11 divide 52503?
True
Is 887 even?
False
Is 22 a factor of 1694?
True
Is 32 a factor of 22048?
True
Is 23 a factor of 3729?
False
Does 237 divide 6399?
True
Is 2778 a multiple of 3?
True
Does 12 divide 2484?
True
Is 764 a multiple of 14?
False
Is 12420 a multiple of 186?
False
Does 42 divide 65871?
False
Is 30 a factor of 1275?
False
Does 18 divide 9984?
False
Is 113 a factor of 18080?
True
Is 5 a factor of 840?
True
Does 162 divide 18423?
False
Is 831 a multiple of 6?
False
Is 32 a factor of 14368?
True
Is 736 a multiple of 19?
False
Is 789 a multiple of 20?
False
Is 226 a multiple of 10?
False
Is 101 a factor of 505?
True
Does 21 divide 111657?
True
Is 72 a factor of 6984?
True
Does 43 divide 1019?
False
Is 5 a factor of 54?
False
Does 3 divide 51?
True
Is 1045 a multiple of 16?
False
Does 5 divide 28707?
False
Does 40 divide 3880?
True
Is 263 a multiple of 4?
False
Does 80 divide 3297?
False
Is 6210 a multiple of 69?
True
Does 47 divide 7003?
True
Is 3 a factor of 7677?
True
Does 41 divide 13786?
False
Is 8268 a multiple of 3?
True
Is 529 a multiple of 14?
False
Is 17 a factor of 792?
False
Is 59 a factor of 991?
False
Is 79 a factor of 915?
False
Is 121 a factor of 242?
True
Does 16 divide 10144?
True
Is 523 a multiple of 9?
False
Is 17 a factor of 101983?
True
Is 6 a factor of 1074?
True
Does 24 divide 1371?
False
Is 699 a multiple of 43?
False
Does 125 divide 1170?
False
Is 21 a factor of 3885?
True
Does 2 divide 69?
False
Is 38 a factor of 684?
True
Is 1246 a multiple of 14?
True
Is 21 a factor of 2415?
True
Is 1044 a multiple of 5?
False
Does 10 divide 380?
True
Is 15757 a multiple of 4?
False
Is 1120 a multiple of 35?
True
Is 39 a factor of 4384?
False
Is 20550 a multiple of 6?
True
Is 36 a factor of 169?
False
Is 4225 a multiple of 25?
True
Does 33 divide 1287?
True
Is 268 a factor of 32160?
True
Is 3255 a multiple of 15?
True
Is 41148 a multiple of 108?
True
Does 9 divide 4652?
False
Is 40 a multiple of 10?
True
Is 432 a multiple of 9?
True
Does 4 divide 7580?
True
Does 14 divide 305?
False
Does 60 divide 16148?
False
Is 4800 a multiple of 25?
True
Is 8 a factor of 3831?
False
Is 50 a factor of 8629?
False
Is 2200 a multiple of 11?
True
Is 2799 a multiple of 158?
False
Is 76 a multiple of 4?
True
Is 31 a factor of 3271?
False
Is 40 a factor of 1920?
True
Is 120790 a multiple of 235?
True
Is 7154 a multiple of 49?
True
Is 1665 a multiple of 12?
False
Does 24 divide 2609?
False
Is 8 a factor of 726?
False
Is 6 a factor of 416?
False
Is 30 a factor of 1560?
True
Does 140 divide 12460?
True
Is 13 a factor of 132?
False
Is 22334 a multiple of 19?
False
Is 10 a factor of 6040?
True
Does 35 divide 498?
False
Is 58 a factor of 37990?
True
Is 7552 a multiple of 16?
True
Is 422 a multiple of 10?
False
Is 4725 a multiple of 27?
True
Is 36 a factor of 653?
False
Is 575 a multiple of 25?
True
Is 11 a factor of 1225?
False
Is 135 a multiple of 6?
False
Does 4 divide 40?
True
Is 11276 a multiple of 34?
False
Does 32 divide 4177?
False
Does 56 divide 29456?
True
Does 52 divide 43200?
False
Does 12 divide 11376?
True
Is 635 a multiple of 19?
False
Is 61 a factor of 8174?
True
Is 106 a factor of 4346?
True
Is 14625 a multiple of 195?
True
Does 88 divide 14733?
False
Does 20 divide 13485?
False
Does 40 divide 12360?
True
Is 8117 a multiple of 4?
False
Does 21 divide 15449?
False
Is 13 a factor of 3055?
True
Does 33 divide 1155?
True
Is 17 a factor of 435?
False
Does 260 divide 23140?
True
Is 5039 a multiple of 143?
False
Does 15 divide 1530?
True
Is 33465 a multiple of 23?
True
Does 31 divide 9455?
True
Is 560 a multiple of 20?
True
Does 25 divide 592?
False
Is 103 a factor of 1080?
False
Is 697 a multiple of 4?
False
Is 154 a factor of 70224?
True
Is 3730 a multiple of 3?
False
Is 49 a factor of 1715?
True
Does 128 divide 32768?
True
Does 18 divide 271?
False
Is 3 a factor of 100?
False
Is 5 a factor of 15137?
False
Does 21 divide 82068?
True
Is 42 a factor of 1008?
True
Is 2514 a multiple of 7?
False
Does 6 divide 312?
True
Is 936 a multiple of 72?
True
Is 50 a factor of 31932?
False
Does 12 divide 1350?
False
Is 425 a multiple of 2?
False
Does 8 divide 609?
False
Is 24 a factor of 1056?
True
Does 7 divide 1407?
True
Is 18 a factor of 5256?
True
Does 21 divide 2406?
False
Is 1295 a multiple of 35?
True
Is 2679 a multiple of 47?
True
Is 16 a factor of 12676?
False
Does 8 divide 3045?
False
Does 75 divide 3419?
False
Does 141 divide 11282?
False
Does 45 divide 1988?
False
Does 33 divide 686?
Fa